.
1
Let r = -4 - -18. Let b = r + -8. Calculate the remainder when 11 is divided by b.
5
What is the remainder when 30 is divided by (-2 - 3/(-3))*-8?
6
Let y(q) = q + 43. What is the remainder when 51 is divided by y(-16)?
24
Let h = -5 - -6. Calculate the remainder when (0 - -12)/(6/8) is divided by 1*10 + -2 + h.
7
Suppose 0 = 28*h - 21*h - 1421. What is the remainder when h is divided by 17?
16
Suppose 4*s + 207 = 3*h, 4*h - 276 = -0*s - s. Suppose -2*f - h = -5*f. Calculate the remainder when f is divided by 12.
11
Let r = 31 + -21. Let a be (-17)/68 - (-10)/8. What is the remainder when a*(3 + 1 + 25) is divided by r?
9
Let y = -23 + 32. What is the remainder when 44 is divided by y?
8
Let w(g) = g**3 - 8*g**2 + 10*g - 9. Calculate the remainder when 34 is divided by w(7).
10
Suppose 17 = w - 2*r, 0 = 3*w - 5*w - 3*r + 13. What is the remainder when (2/(-5))/((-4)/200) is divided by w?
9
Let y be -98*(-2)/(-8)*-2. Suppose -y = b - 4*b - 5*g, 5*g = b - 3. Calculate the remainder when 148/6 + 4/(-6) is divided by b.
11
Let b = 2 - -17. What is the remainder when ((-5)/2)/(4/(-56)) is divided by b?
16
Suppose 4*v - 90 + 10 = 0. Suppose -5*z - 8 + 2 = -s, 0 = 3*z. Calculate the remainder when v is divided by (-2)/s - 44/(-6).
6
Suppose -4*i = i - 45. Calculate the remainder when 17 is divided by i.
8
Suppose -5*v - 18 = 2. Let l = 6 - -2. What is the remainder when l is divided by -1 - 0 - (v - 0)?
2
Suppose 3*c - 2*f = 183, -5*c + c = -2*f - 246. What is the remainder when c is divided by 13?
11
Let q(t) = -t**3 - 8*t**2 + 3*t - 3. Let l be q(-6). Let z = l + 139. Suppose 0 = 4*f + 2*r - z, -r + 13 = f + r. What is the remainder when 32 is divided by f?
10
Let v(p) = -27*p + 2. Let g(l) = 14*l - 1. Let x(z) = -11*g(z) - 6*v(z). Let i be (-2)/4 + 3/2. What is the remainder when 20 is divided by x(i)?
6
Suppose 3*h = 2 + 4. Suppose -4*u = r + 46, -h*u + 0*u = -3*r - 208. Let z = -17 - r. What is the remainder when z is divided by 17?
15
Suppose -2*r + 22 = 4. Suppose -4*b - 35 = -r*b. Calculate the remainder when 25 is divided by b.
4
Let i(w) = -w**3 + 6*w**2 - 56. Suppose b + 0 = 4. Let l(s) = s**3 - 5*s**2 + 57. Let u(c) = b*i(c) + 5*l(c). What is the remainder when u(0) is divided by 21?
19
Let l(w) = -2*w**2 - 5*w - 4. Let q be l(-3). Let p = q - -11. What is the remainder when -2*20/8*-2 is divided by p?
2
What is the remainder when (26/(-39))/(4/(-474)) is divided by 21?
16
Suppose -2*g + 124 = 4*l, 0 = -0*l - 3*l. What is the remainder when g is divided by 17?
11
Let k(b) = -2*b - 11. Let z be 20/(-15)*(-6)/(-4). What is the remainder when k(-6) is divided by z - (1 + 12/(-3))?
0
Let h(b) = -5*b**3 - 2*b**2 - b - 4. Let l be h(-3). Suppose -16 = 4*u, -2*p - u - u + l = 0. Calculate the remainder when p is divided by 21.
20
Let y = 80 + -44. Suppose 32 = 4*f - y. What is the remainder when f is divided by 5?
2
Let t(m) = -20*m**3 + 2*m**2 + 2*m + 1. Calculate the remainder when 39 is divided by t(-1).
18
Suppose -l + 0*l = -10. Calculate the remainder when 47 is divided by l.
7
What is the remainder when 3 is divided by (3/2)/(15/20)?
1
Suppose 2*r - 3*r + 8 = 0. Calculate the remainder when 27 is divided by r.
3
Suppose -2*n + 2*k + 92 = 22, 3*k + 73 = 2*n. Let j = -11 + n. What is the remainder when 61 is divided by j?
19
Suppose 0 = -2*y - 0*k - 5*k + 19, -4*y = -3*k + 1. Suppose h - y*h + 19 = 0. Calculate the remainder when h is divided by 10.
9
Let s = -9 + 36. What is the remainder when -36 - -140 - (-2 - 0) is divided by s?
25
Suppose -16 = -2*h + l, 0*h = h + 2*l - 3. What is the remainder when 18 is divided by h?
4
Suppose -5*h + 5*a + 1 = -4, 3*h = 2*a + 6. What is the remainder when 5 is divided by h?
1
Let z(u) = u**3 - 10*u**2 + 9*u + 11. Let s = -10 + 19. Suppose -s = 4*j - 25. What is the remainder when z(9) is divided by j?
3
Let m = -22 - -15. Let x = m + 18. What is the remainder when 43 is divided by x?
10
Suppose -2*g - g + 163 = -2*q, -244 = -4*g - 4*q. What is the remainder when g is divided by 15?
12
Suppose -d + 3 = 3*v, 0 = -3*d + v - 0*v + 29. Let t(u) = u**2 - 7*u - 6. Let a be t(8). What is the remainder when ((-2)/6)/(a/(-102)) is divided by d?
8
Suppose 4*l + 5*o - 1 = 33, o - 42 = -4*l. Suppose -3*i = -40 - 53. Calculate the remainder when i is divided by l.
9
Suppose 5*g - 16 = 74. Let i = 128 + -75. Calculate the remainder when i is divided by g.
17
Let p = 40 - 29. Calculate the remainder when 50 is divided by p.
6
Let i = 15 - 1. Let t(d) = d**2 + 4*d + 55. Calculate the remainder when t(0) is divided by i.
13
Let b(u) = u + 4*u + u**2 + 9*u - 5*u + 13. Suppose 5*y = 30 - 10. Calculate the remainder when b(-8) is divided by y.
1
Let f = -6 - -13. Suppose -f*m + 11*m = 112. What is the remainder when m is divided by 15?
13
Let y(m) = -m**3 - 4*m**2 - m. Suppose 4*z - 50 = -5*u, 5*u + 1 - 6 = 5*z. What is the remainder when u is divided by y(-4)?
2
Let b(x) = 4*x**2 - 6*x + 6. What is the remainder when 127 is divided by b(2)?
7
Let m be (3 - 4) + 1*3. Let p = m - -1. What is the remainder when 9 is divided by p?
0
Let y = -3 - -2. Let m be (4/5)/(y/(-10)). Suppose 0 = 2*i + 3*h + h - m, -4*h = 3*i - 18. Calculate the remainder when i is divided by 4.
2
Let u = 89 + -61. Let i(v) = -v**3 - v**2 + 2*v - 1. Let d be i(-2). What is the remainder when 707/u + d/4 is divided by 13?
12
Let j(g) = 2*g**2 + 11*g + 13. What is the remainder when j(-9) is divided by 16?
12
Suppose 0 = -21*v + 293 + 85. What is the remainder when v is divided by (2/(-1))/(2/(-5))?
3
Let h be (2/(-3))/(6/(-27)). Let v be (-90)/(-4)*4/h. Suppose -4*u = -u - v. What is the remainder when 28 is divided by u?
8
Let j = 0 + 2. Let y be (-1)/j + 75/(-6). Let r = y + 19. What is the remainder when 17 is divided by r?
5
Suppose -4*y = -5*x + 386 - 107, -x - 5*y = -50. Suppose 5*g + 0*g = x. What is the remainder when 41 is divided by g?
8
Suppose w = 5 + 7. Calculate the remainder when (-2)/7 + (-312)/(-14) is divided by w.
10
Let s = -9 - -18. Let j = -57 + 82. What is the remainder when j is divided by s?
7
Let p(o) = 2*o - 3 + 0*o - o**2 + 2*o**2. Let c(v) = -v**3 + 6*v**2 + 3. Calculate the remainder when p(2) is divided by c(6).
2
Suppose 0 = 55*m - 47*m - 576. Suppose 5*l + 8 - 133 = 0. What is the remainder when m is divided by l?
22
Suppose d = -v + 11, -14 = 4*v + 2. Suppose -3*j + d = -9. What is the remainder when 14 is divided by j?
6
Suppose w - 8 = -l, w = -8*l + 3*l + 24. Suppose 2*b = 3*b - w. Calculate the remainder when 6 is divided by b.
2
What is the remainder when 8/(48/(-18))*-8 is divided by 17?
7
Suppose -j - 75 = -4*j. What is the remainder when j is divided by 9?
7
Suppose 4*z = u - 13, -2*z - 5 = 4*u + z. Let y = u - -15. Suppose 98*w - 99*w - 65 = -h, -5*w = h - 53. What is the remainder when h is divided by y?
15
Let h(f) = -f**2 + 10*f + 3. Let u be h(10). Suppose -u*w + 26 = 8. What is the remainder when 10 is divided by w?
4
Let a be 2/(2 + 15/(-6)). What is the remainder when (-53)/a + 2/(-8) is divided by 5?
3
Let n(m) = -21*m. Let s(r) = -r - 7. Let o be s(-5). Let i be n(o). Suppose 3*d - i = 9. Calculate the remainder when d is divided by 6.
5
Let g(i) = -16*i**3 - 14*i**3 + 4*i**3. What is the remainder when g(-1) is divided by 9?
8
Let o = 6 + -5. Calculate the remainder when o*8 + -4 + 5 is divided by 4.
1
Let n(j) = -5*j**2 + 3*j - 2. Let y(l) = l**2 + 1. Let v(k) = -n(k) - 3*y(k). What is the remainder when v(3) is divided by 4?
0
Suppose 3*i + 88 = 7*i. What is the remainder when i is divided by (-4)/3*-3*2?
6
Suppose 3*i - 4*i + 24 = 0. Let m = -35 - -82. What is the remainder when m is divided by i?
23
Let r(l) = 21*l**3 - 20*l**3 + 6 - 5*l + 2*l**2 - 5*l**2. Calculate the remainder when r(4) is divided by 2.
0
Suppose -6*v + 10*v + 8 = 0. Calculate the remainder when 3/v - 135/(-6) is divided by 8.
5
Suppose 3*l = -0*l + 198. What is the remainder when l is divided by 17?
15
Let o = -6 + 13. Let a = o - -32. What is the remainder when a is divided by 14?
11
Let w = 92 - 90. What is the remainder when 10 is divided by w?
0
Let u(f) = -f + 7. Let t(p) = -6*p + 2. Suppose 2*i + 5 = -5. Calculate the remainder when t(i) is divided by u(-10).
15
Let z be (4*-3)/(18/(-12)). Suppose 3*k - 4 - z 